{"id":4495,"date":"2023-12-10T00:55:29","date_gmt":"2023-12-09T23:55:29","guid":{"rendered":"https:\/\/www.olimpicarena.com\/?post_type=agenda&#038;p=4495"},"modified":"2026-03-05T10:08:24","modified_gmt":"2026-03-05T09:08:24","slug":"grupo-5","status":"publish","type":"agenda","link":"https:\/\/www.olimpicarena.com\/ca\/agenda\/grupo-5\/","title":{"rendered":"Grupo 5"},"content":{"rendered":"<p><strong>Venda d&#8217;entrades: 5 de mar\u00e7<\/strong><\/p>\n<p>Grupo5 \u00e9s una orquestra de c\u00fambia emblem\u00e0tica del Per\u00fa amb 53 anys de traject\u00f2ria art\u00edstica.<\/p>\n<p>Es va iniciar als anys 70 gravant balades per, posteriorment, als anys 80, contagiats pel m\u00f3n tropical, comen\u00e7ar a gravar c\u00fambia amb un estil propi que acabaria sent determinant per a la cultura musical quant a patrons r\u00edtmics i sabor a l\u2019hora d\u2019interpretar aquest g\u00e8nere al Per\u00fa. Van obtenir premis i discos d\u2019or per les seves produccions discogr\u00e0fiques i, per aix\u00f2, van arribar a ser reconeguts com el &#8220;Grup d\u2019Or del Per\u00fa&#8221;.<\/p>\n<p><img loading=\"lazy\" decoding=\"async\" class=\"alignnone size-full wp-image-4499\" src=\"https:\/\/www.olimpicarena.com\/wp-content\/uploads\/2026\/02\/Barcelona-Post-1080x1080-1.png\" alt=\"Concert de Grupo 5 a l\u2019Olimpic Arena de Badalona\" width=\"1080\" height=\"1080\" srcset=\"https:\/\/www.olimpicarena.com\/wp-content\/uploads\/2026\/02\/Barcelona-Post-1080x1080-1.png 1080w, https:\/\/www.olimpicarena.com\/wp-content\/uploads\/2026\/02\/Barcelona-Post-1080x1080-1-300x300.png 300w, https:\/\/www.olimpicarena.com\/wp-content\/uploads\/2026\/02\/Barcelona-Post-1080x1080-1-1024x1024.png 1024w, https:\/\/www.olimpicarena.com\/wp-content\/uploads\/2026\/02\/Barcelona-Post-1080x1080-1-150x150.png 150w, https:\/\/www.olimpicarena.com\/wp-content\/uploads\/2026\/02\/Barcelona-Post-1080x1080-1-768x768.png 768w, https:\/\/www.olimpicarena.com\/wp-content\/uploads\/2026\/02\/Barcelona-Post-1080x1080-1-1536x1536.png 1536w, https:\/\/www.olimpicarena.com\/wp-content\/uploads\/2026\/02\/Barcelona-Post-1080x1080-1-2048x2048.png 2048w, https:\/\/www.olimpicarena.com\/wp-content\/uploads\/2026\/02\/Barcelona-Post-1080x1080-1-1320x1320.png 1320w\" sizes=\"auto, (max-width: 1080px) 100vw, 1080px\" \/><\/p>\n<p>Actualment, el talent de Christian i l\u2019experi\u00e8ncia dels seus germans Elmer i Andy es van veure plasmats en els megaconcerts que van presentar el 2022 al Parque de la Exposici\u00f3n, on es va celebrar Noche de Oro amb 3 sold out, i recentment han iniciat la gira 2023 a l\u2019Estadio de San Marcos, tamb\u00e9 amb 3 sold out pels seus 50 anys.<\/p>\n<p>Celebracions a nivell nacional i internacional que van marcar hist\u00f2ria en la m\u00fasica peruana, ja que les entrades es van esgotar en q\u00fcesti\u00f3 de minuts.<\/p>\n","protected":false},"featured_media":4496,"comment_status":"open","ping_status":"closed","template":"","tags":[],"class_list":["post-4495","agenda","type-agenda","status-publish","has-post-thumbnail","hentry"],"acf":[],"yoast_head":"<!-- This site is optimized with the Yoast SEO plugin v24.7 - https:\/\/yoast.com\/wordpress\/plugins\/seo\/ -->\n<title>Grupo 5 | Concert al Olimpic Arena Badalona | Info + Entrades<\/title>\n<meta name=\"robots\" content=\"index, follow, max-snippet:-1, max-image-preview:large, max-video-preview:-1\" \/>\n<link rel=\"canonical\" href=\"https:\/\/www.olimpicarena.com\/ca\/agenda\/grupo-5\/\" \/>\n<meta property=\"og:locale\" content=\"ca_ES\" \/>\n<meta property=\"og:type\" content=\"article\" \/>\n<meta property=\"og:title\" content=\"Grupo 5 | Concert al Olimpic Arena Badalona | Info + Entrades\" \/>\n<meta property=\"og:description\" content=\"Venda d&#8217;entrades: 5 de mar\u00e7 Grupo5 \u00e9s una orquestra de c\u00fambia emblem\u00e0tica del Per\u00fa amb 53 anys de traject\u00f2ria art\u00edstica. Es va iniciar als anys 70 gravant balades per, posteriorment, als anys 80, contagiats pel m\u00f3n tropical, comen\u00e7ar a gravar&hellip;Read more Grupo 5 &#8250;\" \/>\n<meta property=\"og:url\" content=\"https:\/\/www.olimpicarena.com\/ca\/agenda\/grupo-5\/\" \/>\n<meta property=\"og:site_name\" content=\"olimpicarena\" \/>\n<meta property=\"article:modified_time\" content=\"2026-03-05T09:08:24+00:00\" \/>\n<meta property=\"og:image\" content=\"https:\/\/www.olimpicarena.com\/wp-content\/uploads\/2026\/02\/Barcelona-624-x-700.png\" \/>\n\t<meta property=\"og:image:width\" content=\"624\" \/>\n\t<meta property=\"og:image:height\" content=\"700\" \/>\n\t<meta property=\"og:image:type\" content=\"image\/png\" \/>\n<meta name=\"twitter:card\" content=\"summary_large_image\" \/>\n<meta name=\"twitter:label1\" content=\"Temps estimat de lectura\" \/>\n\t<meta name=\"twitter:data1\" content=\"2 minuts\" \/>\n<script type=\"application\/ld+json\" class=\"yoast-schema-graph\">{\"@context\":\"https:\/\/schema.org\",\"@graph\":[{\"@type\":\"WebPage\",\"@id\":\"https:\/\/www.olimpicarena.com\/ca\/agenda\/grupo-5\/\",\"url\":\"https:\/\/www.olimpicarena.com\/ca\/agenda\/grupo-5\/\",\"name\":\"Grupo 5 | Concert al Olimpic Arena Badalona | Info + Entrades\",\"isPartOf\":{\"@id\":\"https:\/\/www.olimpicarena.com\/ca\/#website\"},\"primaryImageOfPage\":{\"@id\":\"https:\/\/www.olimpicarena.com\/ca\/agenda\/grupo-5\/#primaryimage\"},\"image\":{\"@id\":\"https:\/\/www.olimpicarena.com\/ca\/agenda\/grupo-5\/#primaryimage\"},\"thumbnailUrl\":\"https:\/\/www.olimpicarena.com\/wp-content\/uploads\/2026\/02\/Barcelona-624-x-700.png\",\"datePublished\":\"2023-12-09T23:55:29+00:00\",\"dateModified\":\"2026-03-05T09:08:24+00:00\",\"breadcrumb\":{\"@id\":\"https:\/\/www.olimpicarena.com\/ca\/agenda\/grupo-5\/#breadcrumb\"},\"inLanguage\":\"ca\",\"potentialAction\":[{\"@type\":\"ReadAction\",\"target\":[\"https:\/\/www.olimpicarena.com\/ca\/agenda\/grupo-5\/\"]}]},{\"@type\":\"ImageObject\",\"inLanguage\":\"ca\",\"@id\":\"https:\/\/www.olimpicarena.com\/ca\/agenda\/grupo-5\/#primaryimage\",\"url\":\"https:\/\/www.olimpicarena.com\/wp-content\/uploads\/2026\/02\/Barcelona-624-x-700.png\",\"contentUrl\":\"https:\/\/www.olimpicarena.com\/wp-content\/uploads\/2026\/02\/Barcelona-624-x-700.png\",\"width\":624,\"height\":700,\"caption\":\"Concierto Grupo 5 en el Olimpic Arena de Badalona\"},{\"@type\":\"BreadcrumbList\",\"@id\":\"https:\/\/www.olimpicarena.com\/ca\/agenda\/grupo-5\/#breadcrumb\",\"itemListElement\":[{\"@type\":\"ListItem\",\"position\":1,\"name\":\"Home\",\"item\":\"https:\/\/www.olimpicarena.com\/ca\/\"},{\"@type\":\"ListItem\",\"position\":2,\"name\":\"Grupo 5\"}]},{\"@type\":\"WebSite\",\"@id\":\"https:\/\/www.olimpicarena.com\/ca\/#website\",\"url\":\"https:\/\/www.olimpicarena.com\/ca\/\",\"name\":\"olimpicarena\",\"description\":\"\",\"potentialAction\":[{\"@type\":\"SearchAction\",\"target\":{\"@type\":\"EntryPoint\",\"urlTemplate\":\"https:\/\/www.olimpicarena.com\/ca\/?s={search_term_string}\"},\"query-input\":{\"@type\":\"PropertyValueSpecification\",\"valueRequired\":true,\"valueName\":\"search_term_string\"}}],\"inLanguage\":\"ca\"}]}<\/script>\n<!-- \/ Yoast SEO plugin. -->","yoast_head_json":{"title":"Grupo 5 | Concert al Olimpic Arena Badalona | Info + Entrades","robots":{"index":"index","follow":"follow","max-snippet":"max-snippet:-1","max-image-preview":"max-image-preview:large","max-video-preview":"max-video-preview:-1"},"canonical":"https:\/\/www.olimpicarena.com\/ca\/agenda\/grupo-5\/","og_locale":"ca_ES","og_type":"article","og_title":"Grupo 5 | Concert al Olimpic Arena Badalona | Info + Entrades","og_description":"Venda d&#8217;entrades: 5 de mar\u00e7 Grupo5 \u00e9s una orquestra de c\u00fambia emblem\u00e0tica del Per\u00fa amb 53 anys de traject\u00f2ria art\u00edstica. Es va iniciar als anys 70 gravant balades per, posteriorment, als anys 80, contagiats pel m\u00f3n tropical, comen\u00e7ar a gravar&hellip;Read more Grupo 5 &#8250;","og_url":"https:\/\/www.olimpicarena.com\/ca\/agenda\/grupo-5\/","og_site_name":"olimpicarena","article_modified_time":"2026-03-05T09:08:24+00:00","og_image":[{"width":624,"height":700,"url":"https:\/\/www.olimpicarena.com\/wp-content\/uploads\/2026\/02\/Barcelona-624-x-700.png","type":"image\/png"}],"twitter_card":"summary_large_image","twitter_misc":{"Temps estimat de lectura":"2 minuts"},"schema":{"@context":"https:\/\/schema.org","@graph":[{"@type":"WebPage","@id":"https:\/\/www.olimpicarena.com\/ca\/agenda\/grupo-5\/","url":"https:\/\/www.olimpicarena.com\/ca\/agenda\/grupo-5\/","name":"Grupo 5 | Concert al Olimpic Arena Badalona | Info + Entrades","isPartOf":{"@id":"https:\/\/www.olimpicarena.com\/ca\/#website"},"primaryImageOfPage":{"@id":"https:\/\/www.olimpicarena.com\/ca\/agenda\/grupo-5\/#primaryimage"},"image":{"@id":"https:\/\/www.olimpicarena.com\/ca\/agenda\/grupo-5\/#primaryimage"},"thumbnailUrl":"https:\/\/www.olimpicarena.com\/wp-content\/uploads\/2026\/02\/Barcelona-624-x-700.png","datePublished":"2023-12-09T23:55:29+00:00","dateModified":"2026-03-05T09:08:24+00:00","breadcrumb":{"@id":"https:\/\/www.olimpicarena.com\/ca\/agenda\/grupo-5\/#breadcrumb"},"inLanguage":"ca","potentialAction":[{"@type":"ReadAction","target":["https:\/\/www.olimpicarena.com\/ca\/agenda\/grupo-5\/"]}]},{"@type":"ImageObject","inLanguage":"ca","@id":"https:\/\/www.olimpicarena.com\/ca\/agenda\/grupo-5\/#primaryimage","url":"https:\/\/www.olimpicarena.com\/wp-content\/uploads\/2026\/02\/Barcelona-624-x-700.png","contentUrl":"https:\/\/www.olimpicarena.com\/wp-content\/uploads\/2026\/02\/Barcelona-624-x-700.png","width":624,"height":700,"caption":"Concierto Grupo 5 en el Olimpic Arena de Badalona"},{"@type":"BreadcrumbList","@id":"https:\/\/www.olimpicarena.com\/ca\/agenda\/grupo-5\/#breadcrumb","itemListElement":[{"@type":"ListItem","position":1,"name":"Home","item":"https:\/\/www.olimpicarena.com\/ca\/"},{"@type":"ListItem","position":2,"name":"Grupo 5"}]},{"@type":"WebSite","@id":"https:\/\/www.olimpicarena.com\/ca\/#website","url":"https:\/\/www.olimpicarena.com\/ca\/","name":"olimpicarena","description":"","potentialAction":[{"@type":"SearchAction","target":{"@type":"EntryPoint","urlTemplate":"https:\/\/www.olimpicarena.com\/ca\/?s={search_term_string}"},"query-input":{"@type":"PropertyValueSpecification","valueRequired":true,"valueName":"search_term_string"}}],"inLanguage":"ca"}]}},"_links":{"self":[{"href":"https:\/\/www.olimpicarena.com\/ca\/wp-json\/wp\/v2\/agenda\/4495","targetHints":{"allow":["GET"]}}],"collection":[{"href":"https:\/\/www.olimpicarena.com\/ca\/wp-json\/wp\/v2\/agenda"}],"about":[{"href":"https:\/\/www.olimpicarena.com\/ca\/wp-json\/wp\/v2\/types\/agenda"}],"replies":[{"embeddable":true,"href":"https:\/\/www.olimpicarena.com\/ca\/wp-json\/wp\/v2\/comments?post=4495"}],"wp:featuredmedia":[{"embeddable":true,"href":"https:\/\/www.olimpicarena.com\/ca\/wp-json\/wp\/v2\/media\/4496"}],"wp:attachment":[{"href":"https:\/\/www.olimpicarena.com\/ca\/wp-json\/wp\/v2\/media?parent=4495"}],"wp:term":[{"taxonomy":"post_tag","embeddable":true,"href":"https:\/\/www.olimpicarena.com\/ca\/wp-json\/wp\/v2\/tags?post=4495"}],"curies":[{"name":"wp","href":"https:\/\/api.w.org\/{rel}","templated":true}]}}

<p><strong>Venda d&#8217;entrades: 5 de març</strong></p>
<p>Grupo5 és una orquestra de cúmbia emblemàtica del Perú amb 53 anys de trajectòria artística.</p>
<p>Es va iniciar als anys 70 gravant balades per, posteriorment, als anys 80, contagiats pel món tropical, començar a gravar cúmbia amb un estil propi que acabaria sent determinant per a la cultura musical quant a patrons rítmics i sabor a l’hora d’interpretar aquest gènere al Perú. Van obtenir premis i discos d’or per les seves produccions discogràfiques i, per això, van arribar a ser reconeguts com el &#8220;Grup d’Or del Perú&#8221;.</p>
<p><img loading="lazy" decoding="async" class="alignnone size-full wp-image-4499" src="https://www.olimpicarena.com/wp-content/uploads/2026/02/Barcelona-Post-1080x1080-1.png" alt="Concert de Grupo 5 a l’Olimpic Arena de Badalona" width="1080" height="1080" srcset="https://www.olimpicarena.com/wp-content/uploads/2026/02/Barcelona-Post-1080x1080-1.png 1080w, https://www.olimpicarena.com/wp-content/uploads/2026/02/Barcelona-Post-1080x1080-1-300x300.png 300w, https://www.olimpicarena.com/wp-content/uploads/2026/02/Barcelona-Post-1080x1080-1-1024x1024.png 1024w, https://www.olimpicarena.com/wp-content/uploads/2026/02/Barcelona-Post-1080x1080-1-150x150.png 150w, https://www.olimpicarena.com/wp-content/uploads/2026/02/Barcelona-Post-1080x1080-1-768x768.png 768w, https://www.olimpicarena.com/wp-content/uploads/2026/02/Barcelona-Post-1080x1080-1-1536x1536.png 1536w, https://www.olimpicarena.com/wp-content/uploads/2026/02/Barcelona-Post-1080x1080-1-2048x2048.png 2048w, https://www.olimpicarena.com/wp-content/uploads/2026/02/Barcelona-Post-1080x1080-1-1320x1320.png 1320w" sizes="auto, (max-width: 1080px) 100vw, 1080px" /></p>
<p>Actualment, el talent de Christian i l’experiència dels seus germans Elmer i Andy es van veure plasmats en els megaconcerts que van presentar el 2022 al Parque de la Exposición, on es va celebrar Noche de Oro amb 3 sold out, i recentment han iniciat la gira 2023 a l’Estadio de San Marcos, també amb 3 sold out pels seus 50 anys.</p>
<p>Celebracions a nivell nacional i internacional que van marcar història en la música peruana, ja que les entrades es van esgotar en qüestió de minuts.</p>

<!-- This site is optimized with the Yoast SEO plugin v24.7 - https://yoast.com/wordpress/plugins/seo/ -->
<title>Grupo 5 | Concert al Olimpic Arena Badalona | Info + Entrades</title>
<meta name="robots" content="index, follow, max-snippet:-1, max-image-preview:large, max-video-preview:-1" />
<link rel="canonical" href="https://www.olimpicarena.com/ca/agenda/grupo-5/" />
<meta property="og:locale" content="ca_ES" />
<meta property="og:type" content="article" />
<meta property="og:title" content="Grupo 5 | Concert al Olimpic Arena Badalona | Info + Entrades" />
<meta property="og:description" content="Venda d&#8217;entrades: 5 de març Grupo5 és una orquestra de cúmbia emblemàtica del Perú amb 53 anys de trajectòria artística. Es va iniciar als anys 70 gravant balades per, posteriorment, als anys 80, contagiats pel món tropical, començar a gravar&hellip;Read more Grupo 5 &#8250;" />
<meta property="og:url" content="https://www.olimpicarena.com/ca/agenda/grupo-5/" />
<meta property="og:site_name" content="olimpicarena" />
<meta property="article:modified_time" content="2026-03-05T09:08:24+00:00" />
<meta property="og:image" content="https://www.olimpicarena.com/wp-content/uploads/2026/02/Barcelona-624-x-700.png" />
	<meta property="og:image:width" content="624" />
	<meta property="og:image:height" content="700" />
	<meta property="og:image:type" content="image/png" />
<meta name="twitter:card" content="summary_large_image" />
<meta name="twitter:label1" content="Temps estimat de lectura" />
	<meta name="twitter:data1" content="2 minuts" />
<script type="application/ld+json" class="yoast-schema-graph">{"@context":"https://schema.org","@graph":[{"@type":"WebPage","@id":"https://www.olimpicarena.com/ca/agenda/grupo-5/","url":"https://www.olimpicarena.com/ca/agenda/grupo-5/","name":"Grupo 5 | Concert al Olimpic Arena Badalona | Info + Entrades","isPartOf":{"@id":"https://www.olimpicarena.com/ca/#website"},"primaryImageOfPage":{"@id":"https://www.olimpicarena.com/ca/agenda/grupo-5/#primaryimage"},"image":{"@id":"https://www.olimpicarena.com/ca/agenda/grupo-5/#primaryimage"},"thumbnailUrl":"https://www.olimpicarena.com/wp-content/uploads/2026/02/Barcelona-624-x-700.png","datePublished":"2023-12-09T23:55:29+00:00","dateModified":"2026-03-05T09:08:24+00:00","breadcrumb":{"@id":"https://www.olimpicarena.com/ca/agenda/grupo-5/#breadcrumb"},"inLanguage":"ca","potentialAction":[{"@type":"ReadAction","target":["https://www.olimpicarena.com/ca/agenda/grupo-5/"]}]},{"@type":"ImageObject","inLanguage":"ca","@id":"https://www.olimpicarena.com/ca/agenda/grupo-5/#primaryimage","url":"https://www.olimpicarena.com/wp-content/uploads/2026/02/Barcelona-624-x-700.png","contentUrl":"https://www.olimpicarena.com/wp-content/uploads/2026/02/Barcelona-624-x-700.png","width":624,"height":700,"caption":"Concierto Grupo 5 en el Olimpic Arena de Badalona"},{"@type":"BreadcrumbList","@id":"https://www.olimpicarena.com/ca/agenda/grupo-5/#breadcrumb","itemListElement":[{"@type":"ListItem","position":1,"name":"Home","item":"https://www.olimpicarena.com/ca/"},{"@type":"ListItem","position":2,"name":"Grupo 5"}]},{"@type":"WebSite","@id":"https://www.olimpicarena.com/ca/#website","url":"https://www.olimpicarena.com/ca/","name":"olimpicarena","description":"","potentialAction":[{"@type":"SearchAction","target":{"@type":"EntryPoint","urlTemplate":"https://www.olimpicarena.com/ca/?s={search_term_string}"},"query-input":{"@type":"PropertyValueSpecification","valueRequired":true,"valueName":"search_term_string"}}],"inLanguage":"ca"}]}</script>
<!-- / Yoast SEO plugin. -->

Venda d&#8217;entrades: 5 de març Grupo5 és una orquestra de cúmbia emblemàtica del Perú amb 53 anys de trajectòria artística. Es va iniciar als anys 70 gravant balades per, posteriorment, als anys 80, contagiats pel món tropical, començar a gravar&hellip;Read more Grupo 5 &#8250;
