{"id":4491,"date":"2023-12-10T00:57:37","date_gmt":"2023-12-09T23:57:37","guid":{"rendered":"https:\/\/www.olimpicarena.com\/?post_type=agenda&#038;p=4491"},"modified":"2026-03-13T11:02:56","modified_gmt":"2026-03-13T10:02:56","slug":"wwe-smackdown-2","status":"publish","type":"agenda","link":"https:\/\/www.olimpicarena.com\/ca\/agenda\/wwe-smackdown-2\/","title":{"rendered":"WWE SmackDown"},"content":{"rendered":"<p>Prepara&#8217;t per viure l&#8217;acci\u00f3 en primera fila! WWE torna a la Pen\u00ednsula Ib\u00e8rica el 2026 amb una gran cita a <strong>Badalona el 29 de maig.<\/strong><\/p>\n<p><strong><u>Friday Night SmackDown | 29 de maig \u2013 Olimpic Arena Badalona<\/u><\/strong><\/p>\n<p>Badalona acollir\u00e0 una edici\u00f3 especial de <strong>Friday Night SmackDown<\/strong>, un dels programes setmanals m\u00e9s emblem\u00e0tics de la WWE, retransm\u00e8s internacionalment, amb combats oficials i producci\u00f3 televisiva en directe.<\/p>\n<p><img loading=\"lazy\" decoding=\"async\" class=\"alignnone size-full wp-image-4482\" src=\"https:\/\/www.olimpicarena.com\/wp-content\/uploads\/2026\/02\/1080x1080_WWE-2026.jpg\" alt=\"WWE Smackdown 2026 a l'Olimpic Arena de Badalona (Barcelona)\" width=\"1080\" height=\"1080\" srcset=\"https:\/\/www.olimpicarena.com\/wp-content\/uploads\/2026\/02\/1080x1080_WWE-2026.jpg 1080w, https:\/\/www.olimpicarena.com\/wp-content\/uploads\/2026\/02\/1080x1080_WWE-2026-300x300.jpg 300w, https:\/\/www.olimpicarena.com\/wp-content\/uploads\/2026\/02\/1080x1080_WWE-2026-1024x1024.jpg 1024w, https:\/\/www.olimpicarena.com\/wp-content\/uploads\/2026\/02\/1080x1080_WWE-2026-150x150.jpg 150w, https:\/\/www.olimpicarena.com\/wp-content\/uploads\/2026\/02\/1080x1080_WWE-2026-768x768.jpg 768w, https:\/\/www.olimpicarena.com\/wp-content\/uploads\/2026\/02\/1080x1080_WWE-2026-1536x1536.jpg 1536w, https:\/\/www.olimpicarena.com\/wp-content\/uploads\/2026\/02\/1080x1080_WWE-2026-2048x2048.jpg 2048w, https:\/\/www.olimpicarena.com\/wp-content\/uploads\/2026\/02\/1080x1080_WWE-2026-1320x1320.jpg 1320w\" sizes=\"auto, (max-width: 1080px) 100vw, 1080px\" \/><\/p>\n<p>Els assistents podran veure en acci\u00f3 algunes de les principals <strong>WWE Superstars<\/strong> del roster actual, entre elles el <strong>Campi\u00f3 Indiscutible de la WWE Cody Rhodes, Drew McIntyre, la WWE Women\u2019s Champion Jade Cargill, els World Tag Team Champions The Usos, Gunther, Sami Zayn, Damian Priest, Charlotte Flair i Alexa Bliss<\/strong>, entre d&#8217;altres*.<\/p>\n<p><em>*El cartell de Superstars est\u00e0 subjecte a canvis i pot variar segons la ciutat. Es recomana als aficionats consultar el cartell espec\u00edfic de cada esdeveniment abans de la seva assist\u00e8ncia.<\/em><\/p>\n<p>Amb aquesta gira, la WWE refor\u00e7a la seva pres\u00e8ncia al mercat europeu i torna a Espanya i Portugal amb tres cites destacades que reuniran milers d\u2019aficionats de l\u2019entreteniment esportiu en directe.<\/p>\n<p><strong>Informaci\u00f3 d\u2019entrades<\/strong><\/p>\n<p>Les <strong>entrades per als tres esdeveniments es posaran a la venda el dimecres 13 de mar\u00e7 a les 10:00h<\/strong> a trav\u00e9s de <strong><a href=\"http:\/\/WWE.com\" target=\"_blank\" rel=\"noopener\">WWE.com<\/a> i <a href=\"http:\/\/Mitaquilla.com\" target=\"_blank\" rel=\"noopener\">Mitaquilla.com<\/a><\/strong>.<\/p>\n<p>A m\u00e9s, s\u2019oferiran <strong>paquets exclusius Premium Fan &amp; Superstar Meet &amp; Greet<\/strong>, que permetran accedir a experi\u00e8ncies VIP i trobades amb les Superstars.<\/p>\n<p>Hi ha diverses opcions d\u2019experi\u00e8ncies VIP disponibles, per la qual cosa es recomana consultar al web els paquets i detalls de cada esdeveniment.<\/p>\n","protected":false},"featured_media":4489,"comment_status":"open","ping_status":"closed","template":"","tags":[],"class_list":["post-4491","agenda","type-agenda","status-publish","has-post-thumbnail","hentry"],"acf":[],"yoast_head":"<!-- This site is optimized with the Yoast SEO plugin v24.7 - https:\/\/yoast.com\/wordpress\/plugins\/seo\/ -->\n<title>WWE SmackDown | Olimpic Arena Badalona | Info + Entrades<\/title>\n<meta name=\"robots\" content=\"index, follow, max-snippet:-1, max-image-preview:large, max-video-preview:-1\" \/>\n<link rel=\"canonical\" href=\"https:\/\/www.olimpicarena.com\/ca\/agenda\/wwe-smackdown-2\/\" \/>\n<meta property=\"og:locale\" content=\"ca_ES\" \/>\n<meta property=\"og:type\" content=\"article\" \/>\n<meta property=\"og:title\" content=\"WWE SmackDown | Olimpic Arena Badalona | Info + Entrades\" \/>\n<meta property=\"og:description\" content=\"Prepara&#8217;t per viure l&#8217;acci\u00f3 en primera fila! WWE torna a la Pen\u00ednsula Ib\u00e8rica el 2026 amb una gran cita a Badalona el 29 de maig. Friday Night SmackDown | 29 de maig \u2013 Olimpic Arena Badalona Badalona acollir\u00e0 una edici\u00f3&hellip;Read more WWE SmackDown &#8250;\" \/>\n<meta property=\"og:url\" content=\"https:\/\/www.olimpicarena.com\/ca\/agenda\/wwe-smackdown-2\/\" \/>\n<meta property=\"og:site_name\" content=\"olimpicarena\" \/>\n<meta property=\"article:modified_time\" content=\"2026-03-13T10:02:56+00:00\" \/>\n<meta property=\"og:image\" content=\"https:\/\/www.olimpicarena.com\/wp-content\/uploads\/2026\/02\/624X700_WWE_2026.jpg\" \/>\n\t<meta property=\"og:image:width\" content=\"624\" \/>\n\t<meta property=\"og:image:height\" content=\"700\" \/>\n\t<meta property=\"og:image:type\" content=\"image\/jpeg\" \/>\n<meta name=\"twitter:card\" content=\"summary_large_image\" \/>\n<meta name=\"twitter:label1\" content=\"Temps estimat de lectura\" \/>\n\t<meta name=\"twitter:data1\" content=\"2 minuts\" \/>\n<script type=\"application\/ld+json\" class=\"yoast-schema-graph\">{\"@context\":\"https:\/\/schema.org\",\"@graph\":[{\"@type\":\"WebPage\",\"@id\":\"https:\/\/www.olimpicarena.com\/ca\/agenda\/wwe-smackdown-2\/\",\"url\":\"https:\/\/www.olimpicarena.com\/ca\/agenda\/wwe-smackdown-2\/\",\"name\":\"WWE SmackDown | Olimpic Arena Badalona | Info + Entrades\",\"isPartOf\":{\"@id\":\"https:\/\/www.olimpicarena.com\/ca\/#website\"},\"primaryImageOfPage\":{\"@id\":\"https:\/\/www.olimpicarena.com\/ca\/agenda\/wwe-smackdown-2\/#primaryimage\"},\"image\":{\"@id\":\"https:\/\/www.olimpicarena.com\/ca\/agenda\/wwe-smackdown-2\/#primaryimage\"},\"thumbnailUrl\":\"https:\/\/www.olimpicarena.com\/wp-content\/uploads\/2026\/02\/624X700_WWE_2026.jpg\",\"datePublished\":\"2023-12-09T23:57:37+00:00\",\"dateModified\":\"2026-03-13T10:02:56+00:00\",\"breadcrumb\":{\"@id\":\"https:\/\/www.olimpicarena.com\/ca\/agenda\/wwe-smackdown-2\/#breadcrumb\"},\"inLanguage\":\"ca\",\"potentialAction\":[{\"@type\":\"ReadAction\",\"target\":[\"https:\/\/www.olimpicarena.com\/ca\/agenda\/wwe-smackdown-2\/\"]}]},{\"@type\":\"ImageObject\",\"inLanguage\":\"ca\",\"@id\":\"https:\/\/www.olimpicarena.com\/ca\/agenda\/wwe-smackdown-2\/#primaryimage\",\"url\":\"https:\/\/www.olimpicarena.com\/wp-content\/uploads\/2026\/02\/624X700_WWE_2026.jpg\",\"contentUrl\":\"https:\/\/www.olimpicarena.com\/wp-content\/uploads\/2026\/02\/624X700_WWE_2026.jpg\",\"width\":624,\"height\":700,\"caption\":\"WWE Smackdown 2026 en el Olimpic Arena de Badalona (Barcelona)\"},{\"@type\":\"BreadcrumbList\",\"@id\":\"https:\/\/www.olimpicarena.com\/ca\/agenda\/wwe-smackdown-2\/#breadcrumb\",\"itemListElement\":[{\"@type\":\"ListItem\",\"position\":1,\"name\":\"Home\",\"item\":\"https:\/\/www.olimpicarena.com\/ca\/\"},{\"@type\":\"ListItem\",\"position\":2,\"name\":\"WWE SmackDown\"}]},{\"@type\":\"WebSite\",\"@id\":\"https:\/\/www.olimpicarena.com\/ca\/#website\",\"url\":\"https:\/\/www.olimpicarena.com\/ca\/\",\"name\":\"olimpicarena\",\"description\":\"\",\"potentialAction\":[{\"@type\":\"SearchAction\",\"target\":{\"@type\":\"EntryPoint\",\"urlTemplate\":\"https:\/\/www.olimpicarena.com\/ca\/?s={search_term_string}\"},\"query-input\":{\"@type\":\"PropertyValueSpecification\",\"valueRequired\":true,\"valueName\":\"search_term_string\"}}],\"inLanguage\":\"ca\"}]}<\/script>\n<!-- \/ Yoast SEO plugin. -->","yoast_head_json":{"title":"WWE SmackDown | Olimpic Arena Badalona | Info + Entrades","robots":{"index":"index","follow":"follow","max-snippet":"max-snippet:-1","max-image-preview":"max-image-preview:large","max-video-preview":"max-video-preview:-1"},"canonical":"https:\/\/www.olimpicarena.com\/ca\/agenda\/wwe-smackdown-2\/","og_locale":"ca_ES","og_type":"article","og_title":"WWE SmackDown | Olimpic Arena Badalona | Info + Entrades","og_description":"Prepara&#8217;t per viure l&#8217;acci\u00f3 en primera fila! WWE torna a la Pen\u00ednsula Ib\u00e8rica el 2026 amb una gran cita a Badalona el 29 de maig. Friday Night SmackDown | 29 de maig \u2013 Olimpic Arena Badalona Badalona acollir\u00e0 una edici\u00f3&hellip;Read more WWE SmackDown &#8250;","og_url":"https:\/\/www.olimpicarena.com\/ca\/agenda\/wwe-smackdown-2\/","og_site_name":"olimpicarena","article_modified_time":"2026-03-13T10:02:56+00:00","og_image":[{"width":624,"height":700,"url":"https:\/\/www.olimpicarena.com\/wp-content\/uploads\/2026\/02\/624X700_WWE_2026.jpg","type":"image\/jpeg"}],"twitter_card":"summary_large_image","twitter_misc":{"Temps estimat de lectura":"2 minuts"},"schema":{"@context":"https:\/\/schema.org","@graph":[{"@type":"WebPage","@id":"https:\/\/www.olimpicarena.com\/ca\/agenda\/wwe-smackdown-2\/","url":"https:\/\/www.olimpicarena.com\/ca\/agenda\/wwe-smackdown-2\/","name":"WWE SmackDown | Olimpic Arena Badalona | Info + Entrades","isPartOf":{"@id":"https:\/\/www.olimpicarena.com\/ca\/#website"},"primaryImageOfPage":{"@id":"https:\/\/www.olimpicarena.com\/ca\/agenda\/wwe-smackdown-2\/#primaryimage"},"image":{"@id":"https:\/\/www.olimpicarena.com\/ca\/agenda\/wwe-smackdown-2\/#primaryimage"},"thumbnailUrl":"https:\/\/www.olimpicarena.com\/wp-content\/uploads\/2026\/02\/624X700_WWE_2026.jpg","datePublished":"2023-12-09T23:57:37+00:00","dateModified":"2026-03-13T10:02:56+00:00","breadcrumb":{"@id":"https:\/\/www.olimpicarena.com\/ca\/agenda\/wwe-smackdown-2\/#breadcrumb"},"inLanguage":"ca","potentialAction":[{"@type":"ReadAction","target":["https:\/\/www.olimpicarena.com\/ca\/agenda\/wwe-smackdown-2\/"]}]},{"@type":"ImageObject","inLanguage":"ca","@id":"https:\/\/www.olimpicarena.com\/ca\/agenda\/wwe-smackdown-2\/#primaryimage","url":"https:\/\/www.olimpicarena.com\/wp-content\/uploads\/2026\/02\/624X700_WWE_2026.jpg","contentUrl":"https:\/\/www.olimpicarena.com\/wp-content\/uploads\/2026\/02\/624X700_WWE_2026.jpg","width":624,"height":700,"caption":"WWE Smackdown 2026 en el Olimpic Arena de Badalona (Barcelona)"},{"@type":"BreadcrumbList","@id":"https:\/\/www.olimpicarena.com\/ca\/agenda\/wwe-smackdown-2\/#breadcrumb","itemListElement":[{"@type":"ListItem","position":1,"name":"Home","item":"https:\/\/www.olimpicarena.com\/ca\/"},{"@type":"ListItem","position":2,"name":"WWE SmackDown"}]},{"@type":"WebSite","@id":"https:\/\/www.olimpicarena.com\/ca\/#website","url":"https:\/\/www.olimpicarena.com\/ca\/","name":"olimpicarena","description":"","potentialAction":[{"@type":"SearchAction","target":{"@type":"EntryPoint","urlTemplate":"https:\/\/www.olimpicarena.com\/ca\/?s={search_term_string}"},"query-input":{"@type":"PropertyValueSpecification","valueRequired":true,"valueName":"search_term_string"}}],"inLanguage":"ca"}]}},"_links":{"self":[{"href":"https:\/\/www.olimpicarena.com\/ca\/wp-json\/wp\/v2\/agenda\/4491","targetHints":{"allow":["GET"]}}],"collection":[{"href":"https:\/\/www.olimpicarena.com\/ca\/wp-json\/wp\/v2\/agenda"}],"about":[{"href":"https:\/\/www.olimpicarena.com\/ca\/wp-json\/wp\/v2\/types\/agenda"}],"replies":[{"embeddable":true,"href":"https:\/\/www.olimpicarena.com\/ca\/wp-json\/wp\/v2\/comments?post=4491"}],"wp:featuredmedia":[{"embeddable":true,"href":"https:\/\/www.olimpicarena.com\/ca\/wp-json\/wp\/v2\/media\/4489"}],"wp:attachment":[{"href":"https:\/\/www.olimpicarena.com\/ca\/wp-json\/wp\/v2\/media?parent=4491"}],"wp:term":[{"taxonomy":"post_tag","embeddable":true,"href":"https:\/\/www.olimpicarena.com\/ca\/wp-json\/wp\/v2\/tags?post=4491"}],"curies":[{"name":"wp","href":"https:\/\/api.w.org\/{rel}","templated":true}]}}

<p>Prepara&#8217;t per viure l&#8217;acció en primera fila! WWE torna a la Península Ibèrica el 2026 amb una gran cita a <strong>Badalona el 29 de maig.</strong></p>
<p><strong><u>Friday Night SmackDown | 29 de maig – Olimpic Arena Badalona</u></strong></p>
<p>Badalona acollirà una edició especial de <strong>Friday Night SmackDown</strong>, un dels programes setmanals més emblemàtics de la WWE, retransmès internacionalment, amb combats oficials i producció televisiva en directe.</p>
<p><img loading="lazy" decoding="async" class="alignnone size-full wp-image-4482" src="https://www.olimpicarena.com/wp-content/uploads/2026/02/1080x1080_WWE-2026.jpg" alt="WWE Smackdown 2026 a l'Olimpic Arena de Badalona (Barcelona)" width="1080" height="1080" srcset="https://www.olimpicarena.com/wp-content/uploads/2026/02/1080x1080_WWE-2026.jpg 1080w, https://www.olimpicarena.com/wp-content/uploads/2026/02/1080x1080_WWE-2026-300x300.jpg 300w, https://www.olimpicarena.com/wp-content/uploads/2026/02/1080x1080_WWE-2026-1024x1024.jpg 1024w, https://www.olimpicarena.com/wp-content/uploads/2026/02/1080x1080_WWE-2026-150x150.jpg 150w, https://www.olimpicarena.com/wp-content/uploads/2026/02/1080x1080_WWE-2026-768x768.jpg 768w, https://www.olimpicarena.com/wp-content/uploads/2026/02/1080x1080_WWE-2026-1536x1536.jpg 1536w, https://www.olimpicarena.com/wp-content/uploads/2026/02/1080x1080_WWE-2026-2048x2048.jpg 2048w, https://www.olimpicarena.com/wp-content/uploads/2026/02/1080x1080_WWE-2026-1320x1320.jpg 1320w" sizes="auto, (max-width: 1080px) 100vw, 1080px" /></p>
<p>Els assistents podran veure en acció algunes de les principals <strong>WWE Superstars</strong> del roster actual, entre elles el <strong>Campió Indiscutible de la WWE Cody Rhodes, Drew McIntyre, la WWE Women’s Champion Jade Cargill, els World Tag Team Champions The Usos, Gunther, Sami Zayn, Damian Priest, Charlotte Flair i Alexa Bliss</strong>, entre d&#8217;altres*.</p>
<p><em>*El cartell de Superstars està subjecte a canvis i pot variar segons la ciutat. Es recomana als aficionats consultar el cartell específic de cada esdeveniment abans de la seva assistència.</em></p>
<p>Amb aquesta gira, la WWE reforça la seva presència al mercat europeu i torna a Espanya i Portugal amb tres cites destacades que reuniran milers d’aficionats de l’entreteniment esportiu en directe.</p>
<p><strong>Informació d’entrades</strong></p>
<p>Les <strong>entrades per als tres esdeveniments es posaran a la venda el dimecres 13 de març a les 10:00h</strong> a través de <strong><a href="http://WWE.com" target="_blank" rel="noopener">WWE.com</a> i <a href="http://Mitaquilla.com" target="_blank" rel="noopener">Mitaquilla.com</a></strong>.</p>
<p>A més, s’oferiran <strong>paquets exclusius Premium Fan &amp; Superstar Meet &amp; Greet</strong>, que permetran accedir a experiències VIP i trobades amb les Superstars.</p>
<p>Hi ha diverses opcions d’experiències VIP disponibles, per la qual cosa es recomana consultar al web els paquets i detalls de cada esdeveniment.</p>

<!-- This site is optimized with the Yoast SEO plugin v24.7 - https://yoast.com/wordpress/plugins/seo/ -->
<title>WWE SmackDown | Olimpic Arena Badalona | Info + Entrades</title>
<meta name="robots" content="index, follow, max-snippet:-1, max-image-preview:large, max-video-preview:-1" />
<link rel="canonical" href="https://www.olimpicarena.com/ca/agenda/wwe-smackdown-2/" />
<meta property="og:locale" content="ca_ES" />
<meta property="og:type" content="article" />
<meta property="og:title" content="WWE SmackDown | Olimpic Arena Badalona | Info + Entrades" />
<meta property="og:description" content="Prepara&#8217;t per viure l&#8217;acció en primera fila! WWE torna a la Península Ibèrica el 2026 amb una gran cita a Badalona el 29 de maig. Friday Night SmackDown | 29 de maig – Olimpic Arena Badalona Badalona acollirà una edició&hellip;Read more WWE SmackDown &#8250;" />
<meta property="og:url" content="https://www.olimpicarena.com/ca/agenda/wwe-smackdown-2/" />
<meta property="og:site_name" content="olimpicarena" />
<meta property="article:modified_time" content="2026-03-13T10:02:56+00:00" />
<meta property="og:image" content="https://www.olimpicarena.com/wp-content/uploads/2026/02/624X700_WWE_2026.jpg" />
	<meta property="og:image:width" content="624" />
	<meta property="og:image:height" content="700" />
	<meta property="og:image:type" content="image/jpeg" />
<meta name="twitter:card" content="summary_large_image" />
<meta name="twitter:label1" content="Temps estimat de lectura" />
	<meta name="twitter:data1" content="2 minuts" />
<script type="application/ld+json" class="yoast-schema-graph">{"@context":"https://schema.org","@graph":[{"@type":"WebPage","@id":"https://www.olimpicarena.com/ca/agenda/wwe-smackdown-2/","url":"https://www.olimpicarena.com/ca/agenda/wwe-smackdown-2/","name":"WWE SmackDown | Olimpic Arena Badalona | Info + Entrades","isPartOf":{"@id":"https://www.olimpicarena.com/ca/#website"},"primaryImageOfPage":{"@id":"https://www.olimpicarena.com/ca/agenda/wwe-smackdown-2/#primaryimage"},"image":{"@id":"https://www.olimpicarena.com/ca/agenda/wwe-smackdown-2/#primaryimage"},"thumbnailUrl":"https://www.olimpicarena.com/wp-content/uploads/2026/02/624X700_WWE_2026.jpg","datePublished":"2023-12-09T23:57:37+00:00","dateModified":"2026-03-13T10:02:56+00:00","breadcrumb":{"@id":"https://www.olimpicarena.com/ca/agenda/wwe-smackdown-2/#breadcrumb"},"inLanguage":"ca","potentialAction":[{"@type":"ReadAction","target":["https://www.olimpicarena.com/ca/agenda/wwe-smackdown-2/"]}]},{"@type":"ImageObject","inLanguage":"ca","@id":"https://www.olimpicarena.com/ca/agenda/wwe-smackdown-2/#primaryimage","url":"https://www.olimpicarena.com/wp-content/uploads/2026/02/624X700_WWE_2026.jpg","contentUrl":"https://www.olimpicarena.com/wp-content/uploads/2026/02/624X700_WWE_2026.jpg","width":624,"height":700,"caption":"WWE Smackdown 2026 en el Olimpic Arena de Badalona (Barcelona)"},{"@type":"BreadcrumbList","@id":"https://www.olimpicarena.com/ca/agenda/wwe-smackdown-2/#breadcrumb","itemListElement":[{"@type":"ListItem","position":1,"name":"Home","item":"https://www.olimpicarena.com/ca/"},{"@type":"ListItem","position":2,"name":"WWE SmackDown"}]},{"@type":"WebSite","@id":"https://www.olimpicarena.com/ca/#website","url":"https://www.olimpicarena.com/ca/","name":"olimpicarena","description":"","potentialAction":[{"@type":"SearchAction","target":{"@type":"EntryPoint","urlTemplate":"https://www.olimpicarena.com/ca/?s={search_term_string}"},"query-input":{"@type":"PropertyValueSpecification","valueRequired":true,"valueName":"search_term_string"}}],"inLanguage":"ca"}]}</script>
<!-- / Yoast SEO plugin. -->

Prepara&#8217;t per viure l&#8217;acció en primera fila! WWE torna a la Península Ibèrica el 2026 amb una gran cita a Badalona el 29 de maig. Friday Night SmackDown | 29 de maig – Olimpic Arena Badalona Badalona acollirà una edició&hellip;Read more WWE SmackDown &#8250;
