{"version":"1.0","provider_name":"olimpicarena","provider_url":"https:\/\/www.olimpicarena.com\/ca\/","author_name":"olimpicarena","author_url":"https:\/\/www.olimpicarena.com\/ca\/author\/olimpicarena\/","title":"Grupo 5 | Concert al Olimpic Arena Badalona | Info + Entrades","type":"rich","width":600,"height":338,"html":"<blockquote class=\"wp-embedded-content\" data-secret=\"Uvx66ghg8k\"><a href=\"https:\/\/www.olimpicarena.com\/ca\/agenda\/grupo-5\/\">Grupo 5<\/a><\/blockquote><iframe sandbox=\"allow-scripts\" security=\"restricted\" src=\"https:\/\/www.olimpicarena.com\/ca\/agenda\/grupo-5\/embed\/#?secret=Uvx66ghg8k\" width=\"600\" height=\"338\" title=\"&#8220;Grupo 5&#8221; &#8212; olimpicarena\" data-secret=\"Uvx66ghg8k\" frameborder=\"0\" marginwidth=\"0\" marginheight=\"0\" scrolling=\"no\" class=\"wp-embedded-content\"><\/iframe><script type=\"text\/javascript\">\n\/* <![CDATA[ *\/\n\/*! This file is auto-generated *\/\n!function(d,l){\"use strict\";l.querySelector&&d.addEventListener&&\"undefined\"!=typeof URL&&(d.wp=d.wp||{},d.wp.receiveEmbedMessage||(d.wp.receiveEmbedMessage=function(e){var t=e.data;if((t||t.secret||t.message||t.value)&&!\/[^a-zA-Z0-9]\/.test(t.secret)){for(var s,r,n,a=l.querySelectorAll('iframe[data-secret=\"'+t.secret+'\"]'),o=l.querySelectorAll('blockquote[data-secret=\"'+t.secret+'\"]'),c=new RegExp(\"^https?:$\",\"i\"),i=0;i<o.length;i++)o[i].style.display=\"none\";for(i=0;i<a.length;i++)s=a[i],e.source===s.contentWindow&&(s.removeAttribute(\"style\"),\"height\"===t.message?(1e3<(r=parseInt(t.value,10))?r=1e3:~~r<200&&(r=200),s.height=r):\"link\"===t.message&&(r=new URL(s.getAttribute(\"src\")),n=new URL(t.value),c.test(n.protocol))&&n.host===r.host&&l.activeElement===s&&(d.top.location.href=t.value))}},d.addEventListener(\"message\",d.wp.receiveEmbedMessage,!1),l.addEventListener(\"DOMContentLoaded\",function(){for(var e,t,s=l.querySelectorAll(\"iframe.wp-embedded-content\"),r=0;r<s.length;r++)(t=(e=s[r]).getAttribute(\"data-secret\"))||(t=Math.random().toString(36).substring(2,12),e.src+=\"#?secret=\"+t,e.setAttribute(\"data-secret\",t)),e.contentWindow.postMessage({message:\"ready\",secret:t},\"*\")},!1)))}(window,document);\n\/\/# sourceURL=https:\/\/www.olimpicarena.com\/wp-includes\/js\/wp-embed.min.js\n\/* ]]> *\/\n<\/script>\n","thumbnail_url":"https:\/\/www.olimpicarena.com\/wp-content\/uploads\/2026\/02\/Barcelona-624-x-700.png","thumbnail_width":624,"thumbnail_height":700,"description":"Venda d&#8217;entrades: 5 de mar\u00e7 Grupo5 \u00e9s una orquestra de c\u00fambia emblem\u00e0tica del Per\u00fa amb 53 anys de traject\u00f2ria art\u00edstica. Es va iniciar als anys 70 gravant balades per, posteriorment, als anys 80, contagiats pel m\u00f3n tropical, comen\u00e7ar a gravar&hellip;Read more &#8250;"}

Venda d&#8217;entrades: 5 de març Grupo5 és una orquestra de cúmbia emblemàtica del Perú amb 53 anys de trajectòria artística. Es va iniciar als anys 70 gravant balades per, posteriorment, als anys 80, contagiats pel món tropical, començar a gravar&hellip;Read more &#8250;
